 j - 35. What is the remainder when k is divided by 15/35 - (-316)/14?
21
Suppose 2800*z - 2856*z = -14952. Calculate the remainder when 814 is divided by z.
13
Let d(j) = j**3 + 8*j**2 - 11*j - 4. Let w be (-8 - -8) + 1*-9. What is the remainder when 109 is divided by d(w)?
11
Suppose 0 = -7*k + 10*k + h - 802, -h = -5*k + 1334. Calculate the remainder when k is divided by 48.
27
Let h = -2942 - -6467. What is the remainder when h is divided by 14?
11
Suppose -37*c - 13496 = -329*c + 20084. Calculate the remainder when c is divided by 50.
15
Let b = 21 - 1. Let o be (-6)/(-8) - (-6)/(-8). Suppose o = 21*l - 11*l - 80. Calculate the remainder when b is divided by l.
4
Suppose -4*w + 4 = -3*d + 3, -5*w = d - 25. Suppose d*f + 2203 = 3*g, g - 6*g = -5*f - 3655. What is the remainder when g is divided by 91?
89
Calculate the remainder when ((0 - -28) + (-9 - -4))*(-114)/(-6) is divided by 76.
57
Suppose -7063 + 95418 = 205*b. What is the remainder when b is divided by 194?
43
Suppose 14*p - 2*j = 12*p + 58, 0 = -4*p - 3*j + 102. Suppose 0 = -2*q - 2*q + 12. Let r(k) = k**2 + 2*k. Calculate the remainder when p is divided by r(q).
12
Suppose -i - 3 = -26. Let b(x) be the first derivative of x**4/4 - 22*x**3/3 - 11*x**2 - 10*x - 22. Calculate the remainder when 75 is divided by b(i).
10
Let u(w) = 3*w**3 - 14*w**2 - 24*w + 86. Calculate the remainder when u(11) is divided by 6.
3
Let g be -5 - -4 - 27/(-1). Let l(p) = -g*p + 16*p + 15*p - 22. What is the remainder when 90 is divided by l(9)?
21
Suppose 42*o = 18*o + 73*o - 2891. Calculate the remainder when 1231 is divided by o.
51
Suppose 2*l = h + l, -3*h + 28 = 4*l. Let i = 177 + -174. Suppose 4*p = 8, -j + i*p + h - 2 = 0. What is the remainder when j is divided by 2?
0
Let p be 7 + -1*(-32 - -6). Suppose -p*v = -310 + 79. Calculate the remainder when 28 is divided by v.
0
Suppose 4*b = 5*b - 107. Suppose -62*r = -81*r + 190. Calculate the remainder when b is divided by r.
7
Suppose -155*m + 198 = 3*v - 159*m, -5*v - m = -307. What is the remainder when v is divided by 52?
10
Let n(x) = 5*x**2 - 59*x - 16. Let g be n(13). Let i = 91 - g. What is the remainder when 86 is divided by i?
28
Suppose 569*x - 3728150 = 223*x. What is the remainder when x is divided by 196?
191
Suppose 2*w = -0*w + 1664. Suppose 18*n - 1472 = w. Calculate the remainder when n is divided by 22.
18
Suppose -1614*f = -1732*f + 2242. Calculate the remainder when 114 is divided by f.
0
Let z = -8499 - -8507. What is the remainder when 8 is divided by z?
0
Let u = 14021 + -12963. Calculate the remainder when u is divided by 76.
70
Suppose 5*j + 17 - 47 = -5*r, -12 = -2*j - 5*r. Let z(w) = -54*w**2 - 12*w - 9. Let l be z(-4). Calculate the remainder when (6/5)/((-99)/l) is divided by j.
4
Let l(z) = 8*z**3 - 6*z**2 + 6*z + 3. Let b be l(2). Let c = b + -41. What is the remainder when (41/(-3))/(3/(-9)) is divided by c?
13
Let b = -576 + 768. Calculate the remainder when 963 is divided by b.
3
Let h = -2219 + 2384. What is the remainder when h is divided by 136?
29
Let m(q) = 5*q**2 + 7*q - 16. Let c(n) = -11*n**3 - n - 2. Let r(b) = b - 6. Let l be r(4). What is the remainder when c(l) is divided by m(2)?
16
Let v = -61 + 137. Let g be 1/2 - (-9)/(-18). Suppose g = -429*q + 431*q - 40. What is the remainder when v is divided by q?
16
Suppose 340 = -195*d + 200*d. Let j = 81 - d. What is the remainder when 77 is divided by j?
12
Let h(q) be the first derivative of -q**4/4 - 10*q**3/3 - 15*q**2/2 - 20*q - 33. What is the remainder when 105 is divided by h(-9)?
3
Let b(j) = -3*j**2 - 13*j + 37. Let n be b(8). Let h = n + 261. What is the remainder when 11 is divided by h?
1
Suppose -5*w - 16 - 9 = 0. Let g = 8 - w. What is the remainder when ((-11888)/(-252) - (-95)/1995) + (-2)/9 is divided by g?
8
Suppose -4*i + 2*h = -2, 5*h - 6*h = i - 8. What is the remainder when 1/i - (-36771)/63 is divided by 45?
44
Let o(a) = -5*a**2 + a**3 + 5*a + 14 + 3*a**3 + 0*a**3 - 6*a**3. Calculate the remainder when o(-4) is divided by 5.
2
Let g(f) = f + 33. Let p be g(-7). Let j be (-2 - p/(-6))*(21 - 18). Let v = j - -16. What is the remainder when 205 is divided by v?
21
Suppose 0 = -2*o - 4*s + 172, -2*s = -o + 2*s + 68. Suppose -8*b + 8 = -o. What is the remainder when 175 is divided by b?
10
Suppose -5*v - 2*i = -12, 10*v - 36 = 6*v + 5*i. Calculate the remainder when (-10)/35 - (v - 2883/21) is divided by 67.
66
Calculate the remainder when 5056/((-72)/(-33) - 19/(627/6)) is divided by 6.
2
Calculate the remainder when (-48)/(-56)*(-13384)/(-12) is divided by 73.
7
Let x be ((-6)/(-4))/((-5)/((-80)/12)). Suppose -2*w = -5*a + x*a - 156, 3*a = 0. Suppose -5*v + w = 3. Calculate the remainder when v is divided by 4.
3
Suppose -4*m + 5 = -7. Suppose -3*i = 5*g - 307, -g + 23 = i - 82. Let q = 112 - i. Calculate the remainder when q is divided by m.
0
Let h(m) = 3*m**2 + 19*m + 2. Suppose -t - 4*k = 26, -47 + 8 = 4*t + 3*k. Let z be h(t). Let i = 30 - z. Calculate the remainder when i is divided by 7.
6
Let x(a) = 17*a - 3*a**2 - 21 + 12*a + 5*a**2 - 91. Calculate the remainder when x(-23) is divided by 47.
44
Let j(y) = 5*y - 113. Let d be j(22). Let h(v) = -v**3 - 6*v**2 - 7*v + 1. Calculate the remainder when (-2 - (d - 57))*4/8 is divided by h(-5).
7
Let n = 646 + -319. Suppose p - 3*w = 69, -5*p - 28*w + 329 = -27*w. Calculate the remainder when n is divided by p.
63
Suppose 0 = h + 4*f - 66, 0 = -3*h + 42*f - 37*f + 113. What is the remainder when 1837 is divided by h?
43
Let b = -181 + 53. Let y = b + 135. What is the remainder when 258 is divided by y?
6
Let y(w) = -305*w + 3186. Calculate the remainder when 622 is divided by y(10).
78
Suppose -5*j = 0, -5*u + 3*u + 6 = -3*j. Suppose -3*o - 535 = -4*c, -c = 4*c + u*o - 689. What is the remainder when c is divided by 14?
10
Suppose -u - 3*u = -212. Suppose -10 + 54 = 11*n. Suppose -11*j = -7*j - n*t - 108, 5*t = -5*j + 145. Calculate the remainder when u is divided by j.
25
What is the remainder when ((-4)/(-6) - 1387/(-3))*(-4 + 23) is divided by 220?
217
Let q = 140 - 19. Let v(y) = 20*y**3 + 5*y**2 - 10*y + 3. Let r be v(3). Suppose -13*t = 5*t - r. What is the remainder when q is divided by t?
28
Suppose -11*n + 42104 = 41895. Suppose -3*x + 514 = -506. What is the remainder when x is divided by n?
17
Suppose -507*d - 632*d = 1184*d - 46460. Let m(j) = -j**3 - 9 - j**2 + 120 + 25. What is the remainder when m(0) is divided by d?
16
Suppose -52 = -3*r + 5*c, 5*c + 70 = r + 4*r. What is the remainder when 29 is divided by r?
2
Let d = -4938 + 4946. Calculate the remainder when 1944 is divided by d.
0
Let a = 2115 - 2085. What is the remainder when 422 is divided by a?
2
Let v = -458 + 72. Let j = 407 + v. Calculate the remainder when 124 is divided by j.
19
Let j(c) = -2*c + 8. Let k be j(3). Let b be 6135/9*6/k. What is the remainder when (-3)/7 - b/(-35) is divided by 15?
13
Calculate the remainder when 284 is divided by (-16 - -9)*(-2 - 11).
11
Let f(b) = -7*b - 467. Let a be f(-69). Suppose -3*m = 2*m - 3*p - 37, 0 = -3*m - 3*p + 3. Suppose m*s - 14 = a. Calculate the remainder when 9 is divided by s.
3
Let m(p) = -p**3 - 6*p**2 - 33*p - 220. Calculate the remainder when m(-10) is divided by 168.
6
Let j(q) = q**3 - 4*q**2 - 61*q + 2. Calculate the remainder when 11560 is divided by j(-5).
80
Suppose 4*i - 318 = -6*d, -4*i - 20*d + 18*d = -346. Calculate the remainder when 519 is divided by i.
69
Let j = 72 + -66. Suppose 26*v + j = 29*v. Calculate the remainder when v/(-3)*126/(-12) is divided by 7.
0
Let c be (0 + -5)/(10 + -2 + -9). Suppose -4*s = -c*u - 720, 2*u + 146 = 2*s - 216. Calculate the remainder when s is divided by 21.
17
Let q(l) = -6*l + 102. Let z(w) = -15*w + 85. Let c be z(5). Calculate the remainder when 112 is divided by q(c).
28
What is the remainder when 149 is divided by (-35)/(-5) + 14 + 19?
29
Let f = 27 + -25. Suppose 6*b - 1 = 7*b, 0 = f*t + b - 71. Calculate the remainder when t is divided by (1 - 3)/(8/(-40)).
6
Let d be 2 - (-7)/(35/(-10)). Suppose d = -4*m + y + 146, -3*m + 38 = -2*m - y. Suppose m = 5*t - 124. Calculate the remainder when 91 is divided by t.
27
Let o = 400 - 250. Calculate the remainder when o is divided by (((-221)/2)/(-13)